t c = -18718 - -19173. What is the greatest common divisor of 35 and c?
35
Let w(k) = -3*k - 24. Let z be w(-8). Suppose 152 - 41 = 4*d - 5*i, z = -2*d - 5*i + 33. Calculate the highest common divisor of d and 192.
24
Suppose -567 + 1612 = 13*f - 684. Let z(a) = -24*a + 8. Let h be z(-6). What is the greatest common factor of h and f?
19
Suppose 0 = -3*v + w + 288, -482 + 476 = w. What is the greatest common divisor of 24722 and v?
94
Let x = -53 - 82. Let s = x + 136. Calculate the greatest common factor of 1 and s.
1
Let t(o) = 95*o + 123. Let b be t(6). What is the greatest common factor of 315 and b?
63
Suppose 5*x = -2*i + 805, -3*i + 148 = -0*x + x. Suppose 3*j = 2*j + 2*z + x, 5*z = 4*j - 646. What is the greatest common factor of j and 212?
53
Suppose -8*s - 2160 = 16*s. Let g be 12/s*5 - (-170)/3. Let t be (-24)/(-10)*30/9. Calculate the highest common factor of g and t.
8
Let j(q) = q**3 + 21*q**2 + 105*q + 14. Let s be j(-13). What is the greatest common factor of s and 37?
1
Suppose -47 = -3*a - 2*g, 43*a = 41*a - 2*g + 38. Suppose 0 = -0*p + p - 36. What is the highest common divisor of p and a?
9
Suppose 86*i + 768 = 94*i. Suppose 20 = -4*f, -20*k + 3*f = -23*k + 165. What is the highest common divisor of k and i?
12
Let a be (-4772)/(-12) + -1 + 21/9. Suppose 13*q - 6*q - a = 0. Calculate the greatest common divisor of 3 and q.
3
Suppose 4490 = -101*q + 142355. Calculate the greatest common factor of 105 and q.
105
Let q be (4 - 14/4)/(1/118). Suppose f - 5 = -4*f. Calculate the greatest common factor of f and q.
1
Let k(g) = g**2 + 9*g + 23. Let c = -311 - -301. Let p be k(c). Calculate the greatest common divisor of 6 and p.
3
Let g be (-5 - -1 - -2) + 35. Let v be 5 + ((-3)/((-9)/(-573)) - -1). Let o be (132/10)/((-111)/v). What is the greatest common divisor of g and o?
11
Let x be 11/6 - (-1)/6. Suppose -2*v = x*v + k, 0 = 4*v + 2*k. Suppose w + 2*j - 9 = v, -4*j + 16 = 4*w - j. Calculate the highest common factor of w and 1.
1
Suppose -9*m = -16*m. Suppose m = 4*x - 16, -4*v + x - 54 + 186 = 0. Calculate the highest common divisor of v and 85.
17
Let h(w) = -2*w + 6. Let i(c) = -3*c + 13. Let r(q) = 5*h(q) - 3*i(q). Let v be r(-4). Let d be (-28 + 3)*2/v. What is the greatest common divisor of 20 and d?
10
Let j(n) = 9*n**2 + 37*n + 7. Let v be j(-5). Suppose -11*y + v = -41. What is the greatest common divisor of y and 20?
4
Let o be ((-6)/(-5))/(21/280). Suppose -7*a + 5*a = -5*u + 80, -3*u = 4*a - 48. What is the highest common divisor of o and u?
16
Let z = 219 - 216. Suppose z*i = 0, -2*b + 440 = -0*b - 5*i. What is the greatest common factor of b and 60?
20
Suppose -2*p = 5*k - 284, 0 = -25*p + 21*p - 4*k + 592. Suppose -126 = 151*x - p*x. What is the greatest common divisor of x and 56?
14
Suppose 30848*n - 30889*n + 208608 = 0. What is the greatest common divisor of n and 3?
3
Let v = 6 - 7. Let t be v + -59*(-5 - -3). What is the greatest common divisor of 78 and t?
39
Let m(x) = -x**3 - 6*x**2 - 15*x - 18. Let g be m(-7). What is the highest common divisor of g and 10?
2
Let w(c) = -c**3 + 14*c**2 + 2*c - 24. Let g be w(14). Let b be (25 - g)/(6/16). Calculate the highest common factor of b and 140.
28
Let x(w) = -19*w + 47*w - 4*w - 57. Let l be x(5). What is the highest common divisor of l and 9?
9
Suppose 0 = 4*n - 4*h - 380, 11*n = 12*n + 2*h - 104. What is the greatest common divisor of 56 and n?
14
Suppose -9*b = 7*b - 512. Suppose 4*o + 96 = 3*o. Let n be 7/(3 - (-285)/o). What is the greatest common factor of b and n?
32
Let b be (6 - (-261)/(-36))/(1/(-32)). Let q = 1231 - 839. Suppose 0 = 4*p + 4*d - q, -35 + 425 = 4*p + 5*d. What is the greatest common factor of b and p?
20
Let d be (-20)/8 - 2/(-4). Let a be (48/(-8))/6*6/d. Calculate the greatest common factor of 1 and a.
1
Let c be -7 + 87 - ((0/1)/3 + 3). What is the highest common divisor of c and 671?
11
Suppose 5*r - 409 = -3*s, -421 = -3*s - 6*r + 4*r. Let v = 151 - s. Suppose -v*p = 10*p - 360. Calculate the greatest common divisor of p and 25.
5
Suppose -1172*q = -1185*q + 273. Calculate the highest common factor of q and 1841.
7
Suppose 69 = 2*a - 411. What is the highest common factor of a and 2?
2
Let i be (-1976)/(-22) - (-152)/836. Suppose i = 34*h - 28*h. Calculate the highest common factor of 195 and h.
15
Suppose -4*z + 98 = -510. Suppose z = 4*f + 4*f. Calculate the greatest common divisor of 323 and f.
19
Suppose -31*y - 228 = -43*y. Suppose 30*w = 31*w + 37. Let j = 267 - w. What is the greatest common factor of j and y?
19
Let r = 42586 + -41996. What is the greatest common divisor of r and 7375?
295
Let i(l) = 132*l - 885. Let n be i(7). What is the greatest common divisor of n and 1443?
39
Let s = -11214 + 11634. What is the highest common divisor of 576 and s?
12
Let w = -183 + 188. Suppose -173 = -w*o - 8. What is the greatest common factor of 165 and o?
33
Suppose 5*y - 4 = 3*y. Suppose 3*j = 4*o - 54, -o + 3*o = -y*j + 20. Let q be ((-20)/6)/(6/(-54)). Calculate the highest common divisor of q and o.
6
Suppose -4*b = 3*a - 285579, -8*b + 11*b - a - 214207 = 0. Calculate the highest common divisor of b and 350.
350
Suppose 22*s = 704 + 4312. Calculate the highest common factor of 132 and s.
12
Let i(u) = -u**2 + 21*u - 87. Let q be i(13). Suppose 0 = 2*v + q - 53. Calculate the greatest common factor of 144 and v.
18
Let l(b) = -8*b - 15. Let r be (-46)/(-1)*(-3)/(-6) + -2. Let v = r - 26. Let g be l(v). What is the greatest common divisor of g and 5?
5
Let h = 84 - 82. Suppose h*l - 220 = -3*g, -4*g + 5*l = -176 - 125. Let c = -183 + 294. Calculate the greatest common factor of c and g.
37
Suppose -3*d + 2*h = 4*h - 1798, h - 2 = 0. Calculate the greatest common divisor of 286 and d.
26
Let k(n) = -2*n**2 - 146*n - 354. Let x be k(-69). Calculate the highest common divisor of 902 and x.
22
Suppose 18*p - 412 = -2*z + 14*p, 0 = 4*z + 5*p - 812. Suppose a = 624 - z. What is the greatest common divisor of a and 6?
6
Let c(z) = 9*z**2 + 320*z - 645. Let v be c(-42). What is the greatest common factor of v and 3383?
199
Suppose 5*l = 312 + 8. Suppose -66*y + 52 = -l*y. Calculate the greatest common divisor of 143 and y.
13
Let h(r) = r**2 - 25*r + 173. Let w be h(30). Let p(s) = s + 19. Let a be p(0). Calculate the greatest common factor of a and w.
19
Let f = 304 + -247. Suppose -f*g + 94*g = 11470. Calculate the greatest common divisor of 31 and g.
31
Let a be -19*16/(-76) + -1 + 0. What is the highest common divisor of a and 67?
1
Suppose -5*h + 44 = -21. Suppose 4*g + t = 3*t + 22, -h = -2*g + 3*t. Let w be (-11)/(-2) - g/((-20)/(-6)). What is the greatest common factor of w and 12?
4
Let f be (-1)/(5/(-2)) + (-57912)/(-120) + -21. Calculate the greatest common divisor of f and 1771.
77
Suppose 0 = -0*p + 2*p + 6*p. Suppose p = -2*i - 8, -c - 2*i = 4*c - 42. Let y(b) = 16*b - 40. Let n be y(c). What is the highest common divisor of 15 and n?
15
Let r be 2/10 + 5590/50. Let i = r + -59. Calculate the highest common divisor of 159 and i.
53
Let m(c) = -1715*c - 9810. Let n be m(-6). What is the greatest common factor of n and 2784?
96
Let h be -10 + -6 + 281 + 31. Calculate the greatest common divisor of 1406 and h.
74
Suppose 2*v - 31 = 3*l - 118, -l + 24 = v. Let n(k) = -9*k - 18. Let i be n(-17). Calculate the greatest common divisor of l and i.
27
Suppose s = -z - 5, -3*s + 2*s - 2*z - 10 = 0. Suppose -3*l + 0*l = -6. Suppose -l*q + 7*q - 10 = s. What is the greatest common factor of q and 2?
2
Let c = 436 + -433. Suppose 0 = -7*w - c*w + 50. Suppose 0 = g + s - 51, 3*g - 157 = -2*s - 0*s. Calculate the greatest common factor of w and g.
5
Let m = 8402 - 8210. What is the greatest common divisor of 1392 and m?
48
Let v(y) be the second derivative of y**5/20 - y**3/3 - 17*y**2/2 + 61*y. Let a be v(5). What is the highest common factor of a and 14?
14
Suppose 2*f - 4*r + 6 = 24, -3*f = 5*r + 6. Suppose f*z = -z. Suppose z = 5*p, -60 = -5*d + 2*p + 2*p. What is the greatest common divisor of d and 60?
12
Let r be 33/1100*50*(133/3 - -1). Calculate the highest common divisor of 9826 and r.
34
Suppose -121 = -4*m + b, 0 = m + 2*b + 2*b - 26. Let s be ((6/2)/3)/(1/6). What is the greatest common factor of m and s?
6
Suppose 